What is the hundreds digit of 11525004?
0
What is the ten thousands digit of 135684498?
8
What is the units digit of 76367707?
7
What is the thousands digit of 67457338?
7
What is the ten millions digit of 1477171926?
7
What is the ten millions digit of 776815035?
7
What is the thousands digit of 341347137?
7
What is the thousands digit of 26867688?
7
What is the ten millions digit of 143637170?
4
What is the ten thousands digit of 1066461928?
6
What is the units digit of 1968443413?
3
What is the hundred thousands digit of 53949094?
9
What is the thousands digit of 5734888?
4
What is the thousands digit of 248926371?
6
What is the tens digit of 1532925788?
8
What is the hundreds digit of 97819272?
2
What is the thousands digit of 21448068?
8
What is the millions digit of 81415067?
1
What is the thousands digit of 415361807?
1
What is the millions digit of 1518110?
1
What is the millions digit of 971680124?
1
What is the ten thousands digit of 88384851?
8
What is the thousands digit of 39478686?
8
What is the hundred millions digit of 2570784176?
5
What is the tens digit of 10750971?
7
What is the ten millions digit of 113638783?
1
What is the millions digit of 46722155?
6
What is the hundred millions digit of 471301761?
4
What is the tens digit of 6776746?
4
What is the millions digit of 89234886?
9
What is the millions digit of 228631982?
8
What is the units digit of 1302522547?
7
What is the units digit of 4521121?
1
What is the hundred thousands digit of 138196053?
1
What is the millions digit of 49479953?
9
What is the millions digit of 4188393922?
8
What is the ten thousands digit of 406425648?
2
What is the millions digit of 152769727?
2
What is the hundred thousands digit of 363641720?
6
What is the ten thousands digit of 6151342150?
4
What is the hundred thousands digit of 177485461?
4
What is the ten thousands digit of 15780417?
8
What is the ten millions digit of 2349115609?
4
What is the hundred thousands digit of 219551465?
5
What is the ten thousands digit of 568130063?
3
What is the ten thousands digit of 30500523?
0
What is the units digit of 176505938?
8
What is the units digit of 1261422855?
5
What is the hundred millions digit of 1242853645?
2
What is the hundred millions digit of 158874688?
1
What is the hundred thousands digit of 216824626?
8
What is the hundred millions digit of 331551975?
3
What is the units digit of 50431725?
5
What is the ten millions digit of 110915919?
1
What is the tens digit of 261064895?
9
What is the hundred thousands digit of 5267679?
2
What is the tens digit of 41638032?
3
What is the ten millions digit of 14045637?
1
What is the millions digit of 299926600?
9
What is the ten thousands digit of 3663632752?
3
What is the hundreds digit of 153058813?
8
What is the millions digit of 1127859349?
7
What is the units digit of 3496052432?
2
What is the units digit of 2370171571?
1
What is the ten thousands digit of 1024502725?
0
What is the tens digit of 353422808?
0
What is the millions digit of 842968490?
2
What is the millions digit of 456378154?
6
What is the millions digit of 126694187?
6
What is the tens digit of 880917039?
3
What is the thousands digit of 152371803?
1
What is the hundred thousands digit of 88017780?
0
What is the ten millions digit of 17953980?
1
What is the billions digit of 2191920834?
2
What is the thousands digit of 96275733?
5
What is the hundred thousands digit of 4960140657?
1
What is the ten thousands digit of 556347285?
4
What is the thousands digit of 343887075?
7
What is the tens digit of 1556422573?
7
What is the units digit of 170710326?
6
What is the tens digit of 76301496?
9
What is the hundred millions digit of 920169771?
9
What is the billions digit of 2581925025?
2
What is the units digit of 533371211?
1
What is the hundred thousands digit of 491071519?
0
What is the hundreds digit of 76341027?
0
What is the hundreds digit of 5774264803?
8
What is the hundred thousands digit of 226163643?
1
What is the tens digit of 688643357?
5
What is the hundred thousands digit of 48652800?
6
What is the thousands digit of 164869697?
9
What is the hundred millions digit of 2159266628?
1
What is the ten thousands digit of 1887140?
8
What is the ten thousands digit of 1264157496?
5
What is the billions digit of 4511278091?
4
What is the hundred millions digit of 328148703?
3
What is the millions digit of 9165837?
9
What is the units digit of 1249834558?
8
What is the tens digit of 1932584311?
1
What is the units digit of 223900467?
7
What is the tens digit of 581503567?
6
What is the millions digit of 89388257?
9
What is the hundred millions digit of 5375535464?
3
What is the millions digit of 27031443?
7
What is the hundred thousands digit of 1482414874?
4
What is the hundreds digit of 31167109?
1
What is the hundreds digit of 2515313028?
0
What is the units digit of 2322850068?
8
What is the thousands digit of 425215293?
5
What is the tens digit of 13185157?
5
What is the hundreds digit of 89958951?
9
What is the millions digit of 36385944?
6
What is the millions digit of 230852953?
0
What is the hundred millions digit of 668226118?
6
What is the hundreds digit of 24487679?
6
What is the hundred thousands digit of 662993369?
9
What is the hundred thousands digit of 495546263?
5
What is the millions digit of 396942989?
6
What is the ten thousands digit of 50819848?
1
What is the hundred millions digit of 1229666494?
2
What is the tens digit of 112331426?
2
What is the units digit of 364314064?
4
What is the thousands digit of 3532460056?
0
What is the units digit of 2507749153?
3
What is the hundreds digit of 234116610?
6
What is the tens digit of 239179584?
8
What is the tens digit of 742049557?
5
What is the hundreds digit of 62896502?
5
What is the hundred thousands digit of 484867541?
8
What is the units digit of 41739151?
1
What is the ten millions digit of 3641465859?
4
What is the hundreds digit of 81690426?
4
What is the hundred thousands digit of 65666722?
6
What is the tens digit of 2101089797?
9
What is the ten millions digit of 140492727?
4
What is the tens digit of 56601581?
8
What is the thousands digit of 4979684667?
4
What is the hundreds digit of 70083389?
3
What is the millions digit of 11499469?
1
What is the tens digit of 90084766?
6
What is the hundred thousands digit of 43399060?
3
What is the hundreds digit of 184755854?
8
What is the hundred millions digit of 569598086?
5
What is the hundred millions digit of 1191702322?
1
What is the units digit of 1591747686?
6
What is the ten thousands digit of 1139638956?
3
What is the units digit of 76130328?
8
What is the thousands digit of 25180621?
0
What is the millions digit of 635294038?
5
What is the ten millions digit of 1465169848?
6
What is the billions digit of 2481774580?
2
What is the millions digit of 977494705?
7
What is the units digit of 300457097?
7
What is the thousands digit of 947876?
7
What is the units digit of 490491234?
4
What is the millions digit of 46995698?
6
What is the ten millions digit of 252677318?
5
What is the ten thousands digit of 40690297?
9
What is the ten thousands digit of 7654945858?
4
What is the units digit of 532228491?
1
What is the units digit of 353098211?
1
What is the hundred millions digit of 1567671637?
5
What is the millions digit of 7939422?
7
What is the millions digit of 44420163?
4
What is the tens digit of 1245857022?
2
What is the ten thousands digit of 72403319?
0
What is the hundred thousands digit of 135895104?
8
What is the thousands digit of 1160043174?
3
What is the tens digit of 10917534?
3
What is the tens digit of 167597306?
0
What is the tens digit of 321279771?
7
What is the millions digit of 597342456?
7
What is the units digit of 4203517?
7
What is the tens digit of 8729345487?
8
What is the hundreds digit of 246720763?
7
What is the units digit of 277586542?
2
What is the ten millions digit of 62545380?
6
What is the units digit of 4228032397?
7
What is the thousands digit of 81053084?
3
What is the millions digit of 138848344?
8
What is the tens digit of 2864537402?
0
What is the hundred millions digit of 7414741294?
4
What is the tens digit of 64831082?
8
What is the hundred thousands digit of 2221677018?
6
What is the ten thousands 